
60100
Convert -4a2b4 (base 14) to base 6.
-3520554
330262 (base 7) to base 6
1123234
-1c466 (base 14) to base 7
-420356
What is -401330021 (base 5) in base 14?
-2d5318
-3300322 (base 5) to base 12
-28729
What is -178295 (base 12) in base 16?
-63a91
What is -c188f (base 16) in base 3?
-1111021101222
201213401 (base 6) to base 2
1101000011110100101001
3068581 (base 10) to base 2
1011101101001010100101
-120a827 (base 12) to base 8
-15270037
What is -201223332 (base 4) in base 7?
-1113165
What is -20a93 (base 11) in base 5?
-1434334
100100011100110000011100 (base 2) to base 12
32495b8
What is -3886003 (base 9) in base 15?
-2be320
What is b185c (base 16) in base 12?
2b0964
Convert 1103022123 (base 4) to base 14.
8c1d1
Convert 5ccac3 (base 14) to base 8.
14115023
What is -30122213 (base 4) in base 2?
-1100011010100111
-12574745 (base 8) to base 7
-32640220
Convert -91a51 (base 11) to base 12.
-65912
What is 201012102211 (base 3) in base 11?
238a53
-b0a123 (base 12) to base 11
-1611635
What is -117da4 (base 14) in base 8?
-2220174
Convert -16b2b (base 14) to base 15.
-11da0
-3022451 (base 7) to base 2
-1010111100100001011
What is -10055151 (base 6) in base 2?
-1000110001101001011
100111110110000 (base 2) to base 6
234240
Convert -235442150 (base 6) to base 9.
-8361413
1a9e85 (base 16) to base 8
6517205
Convert 51b5c8 (base 14) to base 12.
b106a4
What is 131209a (base 11) in base 13?
61726c
What is 4b03a (base 12) in base 3?
12011220201
Convert a7c23 (base 14) to base 4.
1203003313
Convert -23011012103 (base 4) to base 14.
-55869d
What is 472465 (base 11) in base 9?
1362611
Convert -2231030 (base 6) to base 7.
-650256
What is -2101122221 (base 3) in base 14?
-13272
Convert -11232313300 (base 4) to base 15.
-1ea3a4
Convert -1752522 (base 8) to base 15.
-a2192
Convert 167531 (base 8) to base 15.
1324d
2177678 (base 9) to base 5
300023033
What is d6d8c9 (base 14) in base 6?
415333213
Convert 13534499 (base 10) to base 4.
303220110203
536131 (base 9) to base 15
64991
50271 (base 10) to base 15
ed66
11021244324 (base 5) to base 16
b5943c
What is -1333324144 (base 5) in base 9?
-6377737
Convert 34234 (base 8) to base 3.
201212202
What is 7708296 (base 11) in base 12?
464b293
-cca71 (base 16) to base 9
-1516776
Convert -10213302033 (base 4) to base 9.
-2245820
Convert 66184 (base 9) to base 2.
1010101101111001
Convert 6504143 (base 8) to base 7.
20531352
What is -1100001100110111101 (base 2) in base 5?
-100243210
Convert -43232243 (base 8) to base 4.
-203103102203
What is -1a28b (base 16) in base 11?
-73557
31162505 (base 7) to base 14
4c2d75
What is 2243413114 (base 5) in base 10?
5060409
What is c522a (base 13) in base 4?
1112130223
What is -831453 (base 9) in base 2?
-1111000011001111000
What is 207371 (base 12) in base 5?
112312102
What is 423305 (base 7) in base 4?
101313323
-216130 (base 12) to base 8
-2011064
Convert 1021201012 (base 3) to base 4.
12023120
-167a24 (base 15) to base 13
-2c18cb
Convert -10210112030 (base 4) to base 15.
-189c02
-1b46 (base 16) to base 15
-2107
Convert -2576369 (base 12) to base 7.
-116443116
Convert -16381271 (base 10) to base 12.
-559ba9b
What is 464396 (base 11) in base 2?
10110100001000110010
Convert 4525275 (base 8) to base 11.
766143
Convert -51633 (base 14) to base 9.
-327827
What is 2777 (base 15) in base 9?
12514
What is -7a924 (base 11) in base 3?
-12221101002
What is -1812 (base 15) in base 8?
-12110
What is -54340404 (base 6) in base 14?
-300788
555488 (base 9) to base 10
332099
What is -12401434 (base 5) in base 7?
-1016014
What is 100201300122 (base 4) in base 6?
232510110
24155453 (base 6) to base 12
308b89
4217 (base 13) to base 8
21672
5263 (base 7) to base 2
11101000010
What is -330332 (base 5) in base 10?
-11342
Convert -1486377 (base 12) to base 10.
-4158091
What is -46300 (base 7) in base 4?
-2320201
What is 437c62 (base 13) in base 16?
183c76
-1090a9 (base 13) to base 4
-1133200211
What is -1100110200 (base 3) in base 8?
-63732
522374 (base 10) to base 3
222112120012
What is -19641 (base 14) in base 6?
-1213521
Convert -676426 (base 9) to base 4.
-1202313033
What is 220462 (base 9) in base 10?
131600
What is 240403344 (base 5) in base 12?
454570
-162907 (base 11) to base 8
-755357
What is 417783 (base 14) in base 2?
1000011011101001100111
Convert -1133444 (base 6) to base 5.
-3343030
46725 (base 8) to base 14
7393
What is 44a077 (base 12) in base 6?
35252231
110020222000 (base 3) to base 15
4b74c
What is -146814 (base 9) in base 3?
-11120220111
Convert 868bc0 (base 13) to base 6.
151431353
What is -501022 (base 8) in base 12?
-7b156
What is 30784 (base 13) in base 7?
511366
-100010110101011000100 (base 2) to base 8
-4265304
Convert 76bc3 (base 13) to base 11.
1376a0
Convert 1010001011000111101000 (base 2) to base 7.
31445315
What is 68373 (base 12) in base 3?
21001100020
What is 30100422 (base 5) in base 3?
110001221110
Convert -18582 (base 14) to base 8.
-170026
1501931 (base 12) to base 13
b52a72
What is -801188 (base 12) in base 8?
-7463670
Convert -2f4da (base 16) to base 4.
-233103122
What is -595ab (base 14) in base 15?
-44872
What is 100111001101110 (base 2) in base 3?
1000112122
-103022430 (base 5) to base 12
-19214b
What is -200020221112110 (base 3) in base 9?
-20227473
Convert 1011010000111010000110 (base 2) to base 5.
1223442323
Convert 10111010001000011101 (base 2) to base 4.
2322020131
5300420 (base 6) to base 12
104710
-14324146 (base 7) to base 13
-383b00
Convert -64a25 (base 16) to base 9.
-687376
112043554 (base 7) to base 2
11010000100100101111111
58ab32 (base 15) to base 13
b550a4
What is -1146378 (base 9) in base 4?
-2113231232
What is -4223118 (base 12) in base 3?
-212111110220002
-11213331 (base 6) to base 12
-147247
What is -507 (base 14) in base 6?
-4323
-11bad (base 14) to base 3
-2012121222
What is -364120 (base 8) in base 2?
-11110100001010000
Convert 12000221 (base 5) to base 4.
122231330
Convert 7b19a (base 12) to base 6.
3305114
What is 14d74 (base 15) in base 12?
32a47
13dc5 (base 14) to base 8
140331
What is 1003293 (base 10) in base 4?
3310330131
What is -13210222023 (base 4) in base 15?
-2932e3
52575 (base 15) to base 2
111111101111110110
Convert -112201012021 (base 4) to base 2.
-10110100001000110001001
Convert 1113332030 (base 4) to base 9.
608248
7579b0 (base 12) to base 16
1c5dd4
Convert -11241214321 (base 5) to base 8.
-60755402
112211202222 (base 3) to base 11
18a566
Convert -200201320 (base 4) to base 3.
-20202202211
147010 (base 9) to base 14
24d37
What is 3cc (base 13) in base 10?
675
Convert -13130 (base 5) to base 13.
-620
Convert 311033322 (base 4) to base 2.
110101001111111010
-211030 (base 5) to base 7
-26311
What is -575ba (base 13) in base 14?
-42022
-3708675 (base 9) to base 14
-3a5dac
-364a7 (base 12) to base 9
-121461
Convert 10b79e (base 15) to base 10.
798224
Convert 2edc18 (base 15) to base 7.
25221011
What is -85344 (base 12) in base 3?
-22220001221
-251412342 (base 6) to base 10
-4838534
What is -1111011001111001001100 (base 2) in base 14?
-771924
What is -170ae (base 16) in base 9?
-153418
Convert -111201111210 (base 3) to base 15.
-5506c
Convert -207142 (base 12) to base 16.
-7c802
Convert 100010111010001000 (base 2) to base 8.
427210
What is 1dc5a (base 15) in base 14?
2764d
What is -10333022002 (base 4) in base 3?
-2110102020021
What is e1394 (base 16) in base 15?
133511
What is -456250 (base 7) in base 11?
-561a2
80e2e (base 15) to base 11
259756
What is 222122212122 (base 4) in base 12?
3882736
-7a2497 (base 12) to base 14
-38bbd9
What is -422441 (base 5) in base 4?
-3130221
10103130104 (base 5) to base 6
1002443550
ba184 (base 15) to base 8
2202176
What is -d8846 (base 16) in base 13?
-250887
What is -4302434 (base 5) in base 13?
-26b63
What is -18e69 (base 15) in base 4?
-103233222
-10343304214 (base 5) to base 2
-101011001000011100111001
1673876 (base 9) to base 7
10641453
What is 466cb7 (base 14) in base 2?
1001001010001000000001
Convert 95543 (base 15) to base 13.
1377b7
-136455 (base 8) to base 10
-48429
Convert -1121102020 (base 3) to base 14.
-b76a
-565c5 (base 13) to base 10
-156993
Convert -12e7a (base 16) to base 6.
-1354254
Convert 242441 (base 6) to base 14.
7ac1
2610 (base 12) to base 10
4332
-42579 (base 12) to base 